What is the thousands digit of 10124?
0
What is the units digit of 127?
7
What is the units digit of 17805?
5
What is the hundreds digit of 7360?
3
What is the units digit of 512?
2
What is the hundreds digit of 115?
1
What is the ten thousands digit of 27612?
2
What is the units digit of 308?
8
What is the hundreds digit of 1036?
0
What is the thousands digit of 1094?
1
What is the hundreds digit of 35326?
3
What is the tens digit of 6982?
8
What is the thousands digit of 40107?
0
What is the tens digit of 48606?
0
What is the thousands digit of 48684?
8
What is the tens digit of 596?
9
What is the hundreds digit of 2500?
5
What is the hundreds digit of 28500?
5
What is the tens digit of 2508?
0
What is the thousands digit of 98890?
8
What is the hundreds digit of 758?
7
What is the hundreds digit of 11082?
0
What is the units digit of 8248?
8
What is the thousands digit of 2221?
2
What is the hundreds digit of 2047?
0
What is the tens digit of 7839?
3
What is the units digit of 3397?
7
What is the units digit of 43712?
2
What is the tens digit of 7495?
9
What is the thousands digit of 5085?
5
What is the units digit of 5616?
6
What is the units digit of 8714?
4
What is the units digit of 3013?
3
What is the units digit of 605?
5
What is the hundreds digit of 586?
5
What is the tens digit of 1307?
0
What is the tens digit of 3233?
3
What is the hundreds digit of 1784?
7
What is the ten thousands digit of 13932?
1
What is the hundreds digit of 51671?
6
What is the units digit of 16?
6
What is the units digit of 8476?
6
What is the tens digit of 5515?
1
What is the hundreds digit of 28633?
6
What is the units digit of 17191?
1
What is the thousands digit of 15043?
5
What is the units digit of 16726?
6
What is the units digit of 66829?
9
What is the tens digit of 2449?
4
What is the hundreds digit of 8116?
1
What is the units digit of 12093?
3
What is the units digit of 8331?
1
What is the thousands digit of 6573?
6
What is the tens digit of 25412?
1
What is the hundreds digit of 839?
8
What is the thousands digit of 4024?
4
What is the thousands digit of 11478?
1
What is the hundreds digit of 107332?
3
What is the hundreds digit of 360?
3
What is the thousands digit of 6925?
6
What is the tens digit of 1254?
5
What is the thousands digit of 1141?
1
What is the tens digit of 191?
9
What is the units digit of 21980?
0
What is the units digit of 1135?
5
What is the units digit of 3864?
4
What is the hundreds digit of 770?
7
What is the units digit of 1367?
7
What is the hundreds digit of 3620?
6
What is the tens digit of 1157?
5
What is the tens digit of 47108?
0
What is the tens digit of 207?
0
What is the thousands digit of 86508?
6
What is the tens digit of 661?
6
What is the tens digit of 28458?
5
What is the hundreds digit of 1012?
0
What is the tens digit of 536?
3
What is the hundreds digit of 515?
5
What is the hundreds digit of 4081?
0
What is the thousands digit of 6924?
6
What is the tens digit of 1728?
2
What is the thousands digit of 39382?
9
What is the tens digit of 989?
8
What is the units digit of 2513?
3
What is the units digit of 6175?
5
What is the tens digit of 79435?
3
What is the ten thousands digit of 20637?
2
What is the tens digit of 918?
1
What is the units digit of 624?
4
What is the thousands digit of 2800?
2
What is the tens digit of 48884?
8
What is the ten thousands digit of 59515?
5
What is the units digit of 406?
6
What is the tens digit of 37?
3
What is the units digit of 49000?
0
What is the units digit of 622?
2
What is the hundreds digit of 702?
7
What is the ten thousands digit of 52958?
5
What is the hundreds digit of 933?
9
What is the hundreds digit of 2198?
1
What is the units digit of 2037?
7
What is the hundreds digit of 8778?
7
What is the tens digit of 3010?
1
What is the tens digit of 28051?
5
What is the units digit of 76582?
2
What is the thousands digit of 51187?
1
What is the tens digit of 890?
9
What is the ten thousands digit of 15223?
1
What is the tens digit of 23719?
1
What is the units digit of 14100?
0
What is the units digit of 35339?
9
What is the thousands digit of 146497?
6
What is the tens digit of 4924?
2
What is the hundreds digit of 4156?
1
What is the units digit of 135?
5
What is the tens digit of 1493?
9
What is the hundreds digit of 1159?
1
What is the ten thousands digit of 74135?
7
What is the units digit of 532?
2
What is the hundreds digit of 7355?
3
What is the thousands digit of 2119?
2
What is the thousands digit of 6371?
6
What is the hundreds digit of 2052?
0
What is the hundreds digit of 1662?
6
What is the thousands digit of 7743?
7
What is the hundreds digit of 782?
7
What is the units digit of 1013?
3
What is the tens digit of 372?
7
What is the hundreds digit of 4895?
8
What is the tens digit of 5189?
8
What is the thousands digit of 5565?
5
What is the units digit of 2003?
3
What is the tens digit of 1537?
3
What is the ten thousands digit of 151906?
5
What is the thousands digit of 1231?
1
What is the units digit of 64136?
6
What is the ten thousands digit of 16912?
1
What is the hundreds digit of 610?
6
What is the hundreds digit of 273?
2
What is the hundreds digit of 21148?
1
What is the hundreds digit of 103?
1
What is the units digit of 71?
1
What is the ten thousands digit of 88968?
8
What is the units digit of 69209?
9
What is the units digit of 1051?
1
What is the tens digit of 3667?
6
What is the thousands digit of 14061?
4
What is the tens digit of 718?
1
What is the tens digit of 17739?
3
What is the tens digit of 2379?
7
What is the hundreds digit of 8583?
5
What is the tens digit of 963?
6
What is the thousands digit of 1555?
1
What is the thousands digit of 5117?
5
What is the hundreds digit of 5465?
4
What is the tens digit of 8606?
0
What is the thousands digit of 3090?
3
What is the thousands digit of 52871?
2
What is the thousands digit of 3654?
3
What is the units digit of 369?
9
What is the units digit of 54423?
3
What is the tens digit of 57837?
3
What is the thousands digit of 30324?
0
What is the thousands digit of 45462?
5
What is the hundreds digit of 1770?
7
What is the tens digit of 987?
8
What is the tens digit of 37938?
3
What is the thousands digit of 1234?
1
What is the tens digit of 1107?
0
What is the hundreds digit of 457?
4
What is the hundreds digit of 248?
2
What is the units digit of 359?
9
What is the tens digit of 14043?
4
What is the tens digit of 66968?
6
What is the tens digit of 7263?
6
What is the units digit of 3924?
4
What is the thousands digit of 6878?
6
What is the tens digit of 559?
5
What is the units digit of 627?
7
What is the hundreds digit of 90730?
7
What is the ten thousands digit of 48325?
4
What is the hundreds digit of 2135?
1
What is the thousands digit of 88851?
8
What is the units digit of 1166?
6
What is the units digit of 674?
4
What is the hundreds digit of 6908?
9
What is the hundreds digit of 1116?
1
What is the thousands digit of 1164?
1
What is the ten thousands digit of 15885?
1
What is the tens digit of 3812?
1
What is the tens digit of 11369?
6
What is the hundreds digit of 3189?
1
What is the tens digit of 605?
0
What is the tens digit of 24833?
3
What is the tens digit of 11262?
6
What is the tens digit of 74608?
0
What is the units digit of 28172?
2
What is the tens digit of 43867?
6
What is the tens digit of 18445?
4
What is the units digit of 864?
4
What is the tens digit of 2135?
3
What is the tens digit of 2082?
8
What is the tens digit of 642?
4
What is the units digit of 34?
4
What is the units digit of 441?
1
What is the ten thousands digit of 12431?
1
What is the hundreds digit of 5497?
4
What is the tens digit of 3443?
4
What is the units digit of 57335?
5
What is the tens digit of 1020?
2
What is the units digit of 3565?
5
What is the units digit of 16725?
5
What is the ten thousands digit of 59415?
5
What is the units digit of 35543?
3
What is the thousands digit of 6876?
6
What is the thousands digit of 15747?
5
What is the thousands digit of 4261?
4
What is the thousands digit of 5309?
5
What is the thousands digit of 80890?
0
What is the units digit of 6114?
4
What is the thousands digit of 7539?
7
What is the thousands digit of 12887?
2
What is the hundreds digit of 